69 - -355. Calculate the greatest common factor of 18 and s.
18
Suppose -41*i + 2404 + 4361 = 0. Let m(u) = u**2 - 4*u. Let k be m(4). Let x(z) = z + 15. Let q be x(k). What is the highest common factor of i and q?
15
Let a = 1663 - 1650. Suppose -5*m = -0*m - 65. What is the highest common divisor of m and a?
13
Let l(u) = 7*u**2 - u + 4. Let k be l(2). Calculate the greatest common factor of k and 390.
30
Let h be 14 + (-5 + 1)/1. Suppose h*t - 7*t - 81 = 0. What is the greatest common divisor of 9 and t?
9
Let k = -46 + 56. Suppose -69*b = -65*b - 8. What is the highest common factor of k and b?
2
Let p(f) = -4*f + 18. Let n be p(-7). Suppose -2*l + l + 368 = 0. What is the greatest common factor of n and l?
46
Suppose 4 = 4*a - 0. Let f = 2 + a. Suppose 0 = -f*t + 1 + 5. What is the greatest common divisor of 18 and t?
2
Let t be 9/6*(-128)/(-12). Suppose 5*v = 6*q - 4*q + 6, 2*q - 4 = 0. What is the highest common divisor of v and t?
2
Suppose 0 + 24 = 4*t. Let u = 17 + -14. What is the greatest common factor of u and t?
3
Let v = -43 - -62. Let k be ((-10 + 131)/(-11))/(4/(-76)). Calculate the highest common factor of v and k.
19
Let m be (-16)/(-24)*-6 + 1286/2. Calculate the greatest common factor of m and 18.
9
Let v = -14 - 31. Let c = 63 + v. Calculate the greatest common divisor of 3 and c.
3
Let b(y) = 45*y - 27. Let j be b(5). Calculate the highest common divisor of 18 and j.
18
Let a = -52 + 56. Suppose -a*q + 570 = 102. Calculate the greatest common factor of q and 13.
13
Suppose 0*p = -5*x + 5*p + 250, 5*x - 270 = p. Let u = -34 + x. Let y = -77 - -84. Calculate the highest common divisor of u and y.
7
Suppose -622*x + 3332 = -588*x. Let u(a) = -2*a**3 - 4*a**2 - 4. Let f be u(-3). Calculate the highest common factor of x and f.
14
Suppose 97*g - 83*g = 1344. What is the highest common factor of g and 120?
24
Let d be 6/(4/8*3). Let n(q) be the third derivative of q**6/60 - 7*q**4/24 + 4*q**3/3 + 2*q**2. Let p be n(d). What is the greatest common factor of p and 12?
12
Let n(r) = -291*r - 870. Let h be n(-5). Calculate the highest common divisor of 135 and h.
45
Let h(t) be the second derivative of t**5/4 + t**3/6 + t. Let z be h(1). Let i = -94 - -118. Calculate the highest common divisor of i and z.
6
Suppose -4*p + 3*p - 2*x + 26 = 0, -149 = -4*p + x. What is the greatest common factor of 4 and p?
4
Let d = 55 + -35. Calculate the greatest common divisor of 220 and d.
20
Let w(i) = 34*i - 107. Let h be w(4). Suppose -3*b - 2*a + 178 = -b, -3*a = -4*b + 342. What is the greatest common divisor of h and b?
29
Let w = -886 + 953. Calculate the greatest common factor of w and 2680.
67
Let c(k) = -3*k**3 - k**2 - 2*k - 2. Let o be c(-1). Let b(s) = -s**2 - s + 1. Let w be b(-5). Let y = w + 41. Calculate the greatest common divisor of y and o.
2
Let t = -2047 + 2308. Calculate the greatest common factor of 27 and t.
9
Let r(l) = -32*l**3 + 3*l + 4. Let u be r(-1). What is the highest common divisor of 143 and u?
11
Suppose -173*j - 378 = -182*j. What is the highest common divisor of 308 and j?
14
Suppose 5*v = 5*g - g + 30, -5 = g. Suppose -2*q = 4*m + 3 - 51, 4*m = -5*q + 60. Calculate the highest common factor of m and v.
2
Let v = 434 - 404. Calculate the greatest common divisor of v and 10.
10
Let c(o) = -o**2 + 23*o - 49. Let i be c(20). Suppose -i*j = -13*j + 32. Calculate the greatest common factor of 72 and j.
8
Let n be 4/(-6) - 400/(-6). Let w(v) = -32*v + 588. Let d be w(17). What is the greatest common divisor of d and n?
22
Let z(p) = p**3 - 17*p**2 + p - 15. Let g be z(17). Suppose 2*f + 13 - 91 = -t, 0 = 4*f - g*t - 156. Calculate the greatest common factor of 3 and f.
3
Suppose 0 = 211*k - 193*k - 702. What is the highest common divisor of k and 1027?
13
Suppose 35*q - 55 = 30*q. Let z be q/22 - 35/(-2). Calculate the highest common divisor of z and 162.
18
Suppose 0 = -2*h - 3*j + 204, -3*j + 4*j - 418 = -4*h. Calculate the greatest common divisor of h and 35.
35
Suppose 0 = 5*z - 4*n - 4308, 5*n = 16*z - 11*z - 4305. What is the greatest common factor of 32 and z?
32
Let p = -89 - -392. Suppose -12*d = -69 - p. What is the greatest common factor of 93 and d?
31
Suppose 5*d = 5*h + 220, -5*d + 3*h + 174 = -d. Calculate the greatest common factor of d and 91.
7
Let q be (284/497)/((-2)/(-21)). Let a(i) = 12 + 9*i**2 - 14 + 0*i**2 - 2*i. Let r be a(2). What is the greatest common divisor of r and q?
6
Suppose 5*w - 259 = 2*b, 0*w + 2*w = 4*b + 110. Suppose 0 = -4*z + w + 41. Suppose -111*c + 2923 + 8613 = -6335. What is the highest common divisor of z and c?
23
Let x = -22 - -31. Let i be (-2)/x + 168/27. Let q be 1497/13 - i/39. What is the greatest common divisor of 46 and q?
23
Suppose -4*a + 7 = 2*g - 11, -5*a = -g - 12. Suppose 3*m = 4*x - 62, g*m + 1 = -5. Calculate the greatest common factor of 14 and x.
14
Let k = 882 + -782. What is the greatest common factor of k and 140?
20
Let k = 853 - 249. Calculate the highest common divisor of 8 and k.
4
Suppose u + 4*w + 20 = 3*u, -4 = w. Let m be u + 14*3/3. Let y(a) = -a**2 + 26*a - 16. Let r be y(10). What is the highest common factor of r and m?
16
Let h = 45 + -10. Let j = h + -30. Suppose -j*u + 15 + 10 = -5*x, -5 = -5*x. Calculate the greatest common factor of u and 24.
6
Suppose -4*k - 4 = -4*x, x - 6 + 3 = 2*k. Let u = 14 + -10. Let r be 70/u - x/2. Calculate the highest common divisor of r and 2.
2
Suppose -4*x + 24 = -4*c + 336, c - 2*x - 73 = 0. Suppose -p - 3*i + 97 = 0, -4*p + 438 = i + c. What is the highest common factor of p and 11?
11
Suppose 1308 = 4*x - 2*g, g = 4*g + 12. What is the greatest common factor of x and 125?
25
Suppose 3*q = -3*w, 3*w = q + 14 + 6. Let t = 22 + 101. Suppose -4*b + 97 = -t. What is the greatest common divisor of w and b?
5
Suppose 181 + 603 = 4*z - 4*c, -180 = -z - 3*c. Calculate the highest common divisor of z and 216.
24
Let u = -38 + 37. Let h be u*(-5)/(-15) + 106/3. Calculate the highest common factor of h and 175.
35
Let v = 19 - 15. Let u(s) = -s**2 + 4*s + 5. Let i be u(v). Let k = -2 + i. Calculate the greatest common divisor of k and 2.
1
Let m = 2578 + -1164. Calculate the highest common factor of m and 14.
14
Let g = -559 - -845. Calculate the highest common factor of g and 26.
26
Suppose -77 = -4*a + 627. Suppose 0 = -4*m + 8 + 8. Suppose -3 = m*k - 67. Calculate the greatest common factor of a and k.
16
Let i(x) be the third derivative of 0*x**4 + 1/6*x**5 - 1/6*x**3 + 0 + 0*x - 6*x**2. Let j be i(1). What is the highest common divisor of j and 27?
9
Suppose 1766 = 3*x + x + 2*l, -3*l - 1741 = -4*x. Let w = x + -229. Let d be ((-8)/10)/((-12)/w). What is the greatest common factor of 21 and d?
7
Suppose 0 = 15*f - 106 - 134. What is the highest common divisor of f and 16?
16
Let v(h) = -h + 37. Let u be v(22). Let y(f) = -f**3 + 15*f**2 + 3*f - 24. Let c be y(u). What is the greatest common factor of c and 105?
21
Suppose 0 = -l - 0*l + 45. Let v = l + -27. Calculate the highest common divisor of 3 and v.
3
Let y be (19 - 1)*(-3)/(-2). Let t = -54 - -36. Let v be t*((-1)/10 - (-20)/(-50)). Calculate the greatest common divisor of v and y.
9
Let d be -6 + ((-1)/(-1))/((-19)/(-18031)). What is the highest common divisor of 23 and d?
23
Suppose 3*v - 5*v + 8 = 2*b, v - 12 = -5*b. Let t be (-260)/(-15) + (-6)/(-45)*5. What is the greatest common factor of b and t?
2
Suppose -5*z - 162 = -14*z. What is the highest common divisor of 288 and z?
18
Let l(n) = 7*n**3 + n**2 + 3*n + 3. Let w be l(-1). Let a(o) = o**2 + 6*o + 10. Let t be a(w). What is the greatest common factor of 5 and t?
5
Suppose 11*z - 122 = 1066. Let l = -19 - -31. Calculate the greatest common factor of z and l.
12
Suppose 4*x = -20, 4*o + 12 = 2*x - 6*x. Suppose -37*y = -40*y. Let h(j) = j + 22. Let i be h(y). Calculate the greatest common divisor of o and i.
2
Suppose 2*t = 2*k + 130, -5*k = 20*t - 17*t - 235. What is the greatest common factor of t and 140?
70
Let x = 4 - -6. What is the greatest common factor of x and 360?
10
Suppose 4*i - 3*v - 5245 = 0, 939 = 4*i - 5*v - 4304. What is the highest common factor of i and 8?
8
Let d(q) = 8*q + 15. Let x be d(6). Calculate the greatest common divisor of x and 2079.
63
Let w be 6*10/(